{"id":122,"date":"2020-12-16T16:39:57","date_gmt":"2020-12-16T15:39:57","guid":{"rendered":"http:\/\/soatata.org\/?page_id=122"},"modified":"2021-10-14T13:47:35","modified_gmt":"2021-10-14T11:47:35","slug":"presentation","status":"publish","type":"page","link":"https:\/\/soatata.org\/index.php\/soatata\/presentation\/","title":{"rendered":"Pr\u00e9sentation"},"content":{"rendered":"\n<div class=\"wp-block-media-text alignwide is-stacked-on-mobile is-vertically-aligned-center is-image-fill\" style=\"grid-template-columns:51% auto\"><figure class=\"wp-block-media-text__media\" style=\"background-image:url(http:\/\/soatata.org\/wp-content\/uploads\/2021\/01\/Ejeda_2017_1.jpg);background-position:50% 50%\"><a href=\"http:\/\/soatata.org\/wp-content\/uploads\/2021\/01\/Ejeda_2017_1.jpg\" target=\"_blank\" rel=\"noopener\"><img loading=\"lazy\" decoding=\"async\" width=\"493\" height=\"332\" src=\"http:\/\/soatata.org\/wp-content\/uploads\/2021\/01\/Ejeda_2017_1.jpg\" alt=\"\" class=\"wp-image-854 size-full\" srcset=\"https:\/\/soatata.org\/wp-content\/uploads\/2021\/01\/Ejeda_2017_1.jpg 493w, https:\/\/soatata.org\/wp-content\/uploads\/2021\/01\/Ejeda_2017_1-300x202.jpg 300w\" sizes=\"auto, (max-width: 493px) 100vw, 493px\" \/><\/a><\/figure><div class=\"wp-block-media-text__content\">\n<p class=\"has-medium-font-size\"><strong>L\u2019association SOATATA \u0153uvre depuis plus de 10 ans \u00e0 la promotion de l\u2019\u00e9ducation et de la culture dans le sud de Madagascar<\/strong>.<\/p>\n<\/div><\/div>\n\n\n\n<p class=\"has-medium-font-size\">\u00c0 <strong>Madagascar<\/strong>, de larges insuffisances sont constat\u00e9es en mati\u00e8re \u00e9ducatives qui se traduisent par du d\u00e9crochage et des \u00e9checs scolaires cause d\u2019un <strong>taux d\u2019analphab\u00e9tisme anormalement \u00e9lev\u00e9<\/strong> notamment dans le sud. La d\u00e9scolarisation des enfants est source d\u2019errance et d\u2019occupation \u00e0 d\u2019autres taches, collecte de l\u2019eau, du bois, de f\u00e9condit\u00e9 pr\u00e9coce et in fine de p\u00e9rennisation de la pauvret\u00e9.<\/p>\n\n\n\n<p class=\"has-medium-font-size\"><strong>Notre statut <\/strong>: Association loi 1901 agr\u00e9\u00e9e d\u2019Int\u00e9r\u00eat G\u00e9n\u00e9ral.<br><span class=\"has-inline-color has-vivid-red-color\"><strong>A ce titre les dons donnent droit \u00e0 un re\u00e7u fiscal.<\/strong><\/span><\/p>\n\n\n\n<p class=\"has-medium-font-size\"><strong>Nos objectifs<\/strong> : construire et \u00e9quiper des salles de classe dans des \u00e9tablissements scolaires et universitaires du sud de Madagascar et acheminer des ordinateurs et des fournitures scolaires pour les enfants.<\/p>\n\n\n\n<p class=\"has-medium-font-size\"><strong>Nos ressources :<\/strong> cotisations (85 adh\u00e9rents), dons, fonds collect\u00e9s dans le cadre d\u2019actions d\u2019expo vente, march\u00e9s de No\u00ebl, vente de samossas, journ\u00e9es culturelles, subventions associatives, publiques et priv\u00e9es.<\/p>\n\n\n\n<p class=\"has-medium-font-size\"><strong>Nos actions en France :<\/strong> faire conna\u00eetre Madagascar par des manifestations diverses  :  journ\u00e9es patrimoine, conf\u00e9rences, expositions, organisation de spectacles, d\u2019atelier samossas, de coiffure et de danse\u2026).<\/p>\n\n\n\n<blockquote class=\"wp-block-quote is-layout-flow wp-block-quote-is-layout-flow\"><p>&#8220;<strong>L\u2019\u00e9ducation est l\u2019arme la plus puissante qu\u2019on puisse utiliser pour changer le monde<\/strong>&#8220;<\/p><cite><strong>Nelson Mandela<\/strong><\/cite><\/blockquote>\n","protected":false},"excerpt":{"rendered":"<p>L\u2019association SOATATA \u0153uvre depuis plus de 10 ans \u00e0 la promotion de l\u2019\u00e9ducation et de la culture dans le sud de Madagascar. \u00c0 Madagascar, de larges insuffisances sont constat\u00e9es en mati\u00e8re \u00e9ducatives qui se traduisent par du d\u00e9crochage et des \u00e9checs scolaires cause d\u2019un taux d\u2019analphab\u00e9tisme anormalement \u00e9lev\u00e9 notamment dans le sud. La d\u00e9scolarisation des &hellip; <\/p>\n<p class=\"link-more\"><a href=\"https:\/\/soatata.org\/index.php\/soatata\/presentation\/\" class=\"more-link\">Continue reading<span class=\"screen-reader-text\"> &#8220;Pr\u00e9sentation&#8221;<\/span><\/a><\/p>\n","protected":false},"author":1,"featured_media":0,"parent":64,"menu_order":0,"comment_status":"closed","ping_status":"closed","template":"","meta":{"footnotes":""},"class_list":["post-122","page","type-page","status-publish","hentry"],"yoast_head":"<!-- This site is optimized with the Yoast SEO plugin v27.3 - https:\/\/yoast.com\/product\/yoast-seo-wordpress\/ -->\n<title>Pr\u00e9sentation - Assistance au d\u00e9veloppement \u00e9ducatif dans le sud de Madagascar.<\/title>\n<meta name=\"robots\" content=\"index, follow, max-snippet:-1, max-image-preview:large, max-video-preview:-1\" \/>\n<link rel=\"canonical\" href=\"http:\/\/soatata.org\/index.php\/soatata\/presentation\/\" \/>\n<meta property=\"og:locale\" content=\"en_US\" \/>\n<meta property=\"og:type\" content=\"article\" \/>\n<meta property=\"og:title\" content=\"Pr\u00e9sentation - Assistance au d\u00e9veloppement \u00e9ducatif dans le sud de Madagascar.\" \/>\n<meta property=\"og:description\" content=\"L\u2019association SOATATA \u0153uvre depuis plus de 10 ans \u00e0 la promotion de l\u2019\u00e9ducation et de la culture dans le sud de Madagascar. \u00c0 Madagascar, de larges insuffisances sont constat\u00e9es en mati\u00e8re \u00e9ducatives qui se traduisent par du d\u00e9crochage et des \u00e9checs scolaires cause d\u2019un taux d\u2019analphab\u00e9tisme anormalement \u00e9lev\u00e9 notamment dans le sud. La d\u00e9scolarisation des &hellip; Continue reading &quot;Pr\u00e9sentation&quot;\" \/>\n<meta property=\"og:url\" content=\"http:\/\/soatata.org\/index.php\/soatata\/presentation\/\" \/>\n<meta property=\"og:site_name\" content=\"Assistance au d\u00e9veloppement \u00e9ducatif dans le sud de Madagascar.\" \/>\n<meta property=\"article:modified_time\" content=\"2021-10-14T11:47:35+00:00\" \/>\n<meta property=\"og:image\" content=\"http:\/\/soatata.org\/wp-content\/uploads\/2021\/01\/Ejeda_2017_1.jpg\" \/>\n<meta name=\"twitter:card\" content=\"summary_large_image\" \/>\n<meta name=\"twitter:label1\" content=\"Est. reading time\" \/>\n\t<meta name=\"twitter:data1\" content=\"1 minute\" \/>\n<script type=\"application\/ld+json\" class=\"yoast-schema-graph\">{\"@context\":\"https:\\\/\\\/schema.org\",\"@graph\":[{\"@type\":\"WebPage\",\"@id\":\"http:\\\/\\\/soatata.org\\\/index.php\\\/soatata\\\/presentation\\\/\",\"url\":\"http:\\\/\\\/soatata.org\\\/index.php\\\/soatata\\\/presentation\\\/\",\"name\":\"Pr\u00e9sentation - Assistance au d\u00e9veloppement \u00e9ducatif dans le sud de Madagascar.\",\"isPartOf\":{\"@id\":\"http:\\\/\\\/soatata.org\\\/#website\"},\"primaryImageOfPage\":{\"@id\":\"http:\\\/\\\/soatata.org\\\/index.php\\\/soatata\\\/presentation\\\/#primaryimage\"},\"image\":{\"@id\":\"http:\\\/\\\/soatata.org\\\/index.php\\\/soatata\\\/presentation\\\/#primaryimage\"},\"thumbnailUrl\":\"http:\\\/\\\/soatata.org\\\/wp-content\\\/uploads\\\/2021\\\/01\\\/Ejeda_2017_1.jpg\",\"datePublished\":\"2020-12-16T15:39:57+00:00\",\"dateModified\":\"2021-10-14T11:47:35+00:00\",\"breadcrumb\":{\"@id\":\"http:\\\/\\\/soatata.org\\\/index.php\\\/soatata\\\/presentation\\\/#breadcrumb\"},\"inLanguage\":\"en-US\",\"potentialAction\":[{\"@type\":\"ReadAction\",\"target\":[\"http:\\\/\\\/soatata.org\\\/index.php\\\/soatata\\\/presentation\\\/\"]}]},{\"@type\":\"ImageObject\",\"inLanguage\":\"en-US\",\"@id\":\"http:\\\/\\\/soatata.org\\\/index.php\\\/soatata\\\/presentation\\\/#primaryimage\",\"url\":\"https:\\\/\\\/soatata.org\\\/wp-content\\\/uploads\\\/2021\\\/01\\\/Ejeda_2017_1.jpg\",\"contentUrl\":\"https:\\\/\\\/soatata.org\\\/wp-content\\\/uploads\\\/2021\\\/01\\\/Ejeda_2017_1.jpg\",\"width\":493,\"height\":332},{\"@type\":\"BreadcrumbList\",\"@id\":\"http:\\\/\\\/soatata.org\\\/index.php\\\/soatata\\\/presentation\\\/#breadcrumb\",\"itemListElement\":[{\"@type\":\"ListItem\",\"position\":1,\"name\":\"Accueil\",\"item\":\"https:\\\/\\\/soatata.org\\\/\"},{\"@type\":\"ListItem\",\"position\":2,\"name\":\"Soatata\",\"item\":\"http:\\\/\\\/soatata.org\\\/index.php\\\/soatata\\\/\"},{\"@type\":\"ListItem\",\"position\":3,\"name\":\"Pr\u00e9sentation\"}]},{\"@type\":\"WebSite\",\"@id\":\"http:\\\/\\\/soatata.org\\\/#website\",\"url\":\"http:\\\/\\\/soatata.org\\\/\",\"name\":\"Assistance au d\u00e9veloppement \u00e9ducatif dans le sud de Madagascar.\",\"description\":\"\",\"publisher\":{\"@id\":\"http:\\\/\\\/soatata.org\\\/#organization\"},\"potentialAction\":[{\"@type\":\"SearchAction\",\"target\":{\"@type\":\"EntryPoint\",\"urlTemplate\":\"http:\\\/\\\/soatata.org\\\/?s={search_term_string}\"},\"query-input\":{\"@type\":\"PropertyValueSpecification\",\"valueRequired\":true,\"valueName\":\"search_term_string\"}}],\"inLanguage\":\"en-US\"},{\"@type\":\"Organization\",\"@id\":\"http:\\\/\\\/soatata.org\\\/#organization\",\"name\":\"Assistance au d\u00e9veloppement \u00e9ducatif dans le sud de Madagascar.\",\"url\":\"http:\\\/\\\/soatata.org\\\/\",\"logo\":{\"@type\":\"ImageObject\",\"inLanguage\":\"en-US\",\"@id\":\"http:\\\/\\\/soatata.org\\\/#\\\/schema\\\/logo\\\/image\\\/\",\"url\":\"https:\\\/\\\/soatata.org\\\/wp-content\\\/uploads\\\/2020\\\/12\\\/cropped-logoSoatata.jpg\",\"contentUrl\":\"https:\\\/\\\/soatata.org\\\/wp-content\\\/uploads\\\/2020\\\/12\\\/cropped-logoSoatata.jpg\",\"width\":276,\"height\":250,\"caption\":\"Assistance au d\u00e9veloppement \u00e9ducatif dans le sud de Madagascar.\"},\"image\":{\"@id\":\"http:\\\/\\\/soatata.org\\\/#\\\/schema\\\/logo\\\/image\\\/\"}}]}<\/script>\n<!-- \/ Yoast SEO plugin. -->","yoast_head_json":{"title":"Pr\u00e9sentation - Assistance au d\u00e9veloppement \u00e9ducatif dans le sud de Madagascar.","robots":{"index":"index","follow":"follow","max-snippet":"max-snippet:-1","max-image-preview":"max-image-preview:large","max-video-preview":"max-video-preview:-1"},"canonical":"http:\/\/soatata.org\/index.php\/soatata\/presentation\/","og_locale":"en_US","og_type":"article","og_title":"Pr\u00e9sentation - Assistance au d\u00e9veloppement \u00e9ducatif dans le sud de Madagascar.","og_description":"L\u2019association SOATATA \u0153uvre depuis plus de 10 ans \u00e0 la promotion de l\u2019\u00e9ducation et de la culture dans le sud de Madagascar. \u00c0 Madagascar, de larges insuffisances sont constat\u00e9es en mati\u00e8re \u00e9ducatives qui se traduisent par du d\u00e9crochage et des \u00e9checs scolaires cause d\u2019un taux d\u2019analphab\u00e9tisme anormalement \u00e9lev\u00e9 notamment dans le sud. La d\u00e9scolarisation des &hellip; Continue reading \"Pr\u00e9sentation\"","og_url":"http:\/\/soatata.org\/index.php\/soatata\/presentation\/","og_site_name":"Assistance au d\u00e9veloppement \u00e9ducatif dans le sud de Madagascar.","article_modified_time":"2021-10-14T11:47:35+00:00","og_image":[{"url":"http:\/\/soatata.org\/wp-content\/uploads\/2021\/01\/Ejeda_2017_1.jpg","type":"","width":"","height":""}],"twitter_card":"summary_large_image","twitter_misc":{"Est. reading time":"1 minute"},"schema":{"@context":"https:\/\/schema.org","@graph":[{"@type":"WebPage","@id":"http:\/\/soatata.org\/index.php\/soatata\/presentation\/","url":"http:\/\/soatata.org\/index.php\/soatata\/presentation\/","name":"Pr\u00e9sentation - Assistance au d\u00e9veloppement \u00e9ducatif dans le sud de Madagascar.","isPartOf":{"@id":"http:\/\/soatata.org\/#website"},"primaryImageOfPage":{"@id":"http:\/\/soatata.org\/index.php\/soatata\/presentation\/#primaryimage"},"image":{"@id":"http:\/\/soatata.org\/index.php\/soatata\/presentation\/#primaryimage"},"thumbnailUrl":"http:\/\/soatata.org\/wp-content\/uploads\/2021\/01\/Ejeda_2017_1.jpg","datePublished":"2020-12-16T15:39:57+00:00","dateModified":"2021-10-14T11:47:35+00:00","breadcrumb":{"@id":"http:\/\/soatata.org\/index.php\/soatata\/presentation\/#breadcrumb"},"inLanguage":"en-US","potentialAction":[{"@type":"ReadAction","target":["http:\/\/soatata.org\/index.php\/soatata\/presentation\/"]}]},{"@type":"ImageObject","inLanguage":"en-US","@id":"http:\/\/soatata.org\/index.php\/soatata\/presentation\/#primaryimage","url":"https:\/\/soatata.org\/wp-content\/uploads\/2021\/01\/Ejeda_2017_1.jpg","contentUrl":"https:\/\/soatata.org\/wp-content\/uploads\/2021\/01\/Ejeda_2017_1.jpg","width":493,"height":332},{"@type":"BreadcrumbList","@id":"http:\/\/soatata.org\/index.php\/soatata\/presentation\/#breadcrumb","itemListElement":[{"@type":"ListItem","position":1,"name":"Accueil","item":"https:\/\/soatata.org\/"},{"@type":"ListItem","position":2,"name":"Soatata","item":"http:\/\/soatata.org\/index.php\/soatata\/"},{"@type":"ListItem","position":3,"name":"Pr\u00e9sentation"}]},{"@type":"WebSite","@id":"http:\/\/soatata.org\/#website","url":"http:\/\/soatata.org\/","name":"Assistance au d\u00e9veloppement \u00e9ducatif dans le sud de Madagascar.","description":"","publisher":{"@id":"http:\/\/soatata.org\/#organization"},"potentialAction":[{"@type":"SearchAction","target":{"@type":"EntryPoint","urlTemplate":"http:\/\/soatata.org\/?s={search_term_string}"},"query-input":{"@type":"PropertyValueSpecification","valueRequired":true,"valueName":"search_term_string"}}],"inLanguage":"en-US"},{"@type":"Organization","@id":"http:\/\/soatata.org\/#organization","name":"Assistance au d\u00e9veloppement \u00e9ducatif dans le sud de Madagascar.","url":"http:\/\/soatata.org\/","logo":{"@type":"ImageObject","inLanguage":"en-US","@id":"http:\/\/soatata.org\/#\/schema\/logo\/image\/","url":"https:\/\/soatata.org\/wp-content\/uploads\/2020\/12\/cropped-logoSoatata.jpg","contentUrl":"https:\/\/soatata.org\/wp-content\/uploads\/2020\/12\/cropped-logoSoatata.jpg","width":276,"height":250,"caption":"Assistance au d\u00e9veloppement \u00e9ducatif dans le sud de Madagascar."},"image":{"@id":"http:\/\/soatata.org\/#\/schema\/logo\/image\/"}}]}},"jetpack_sharing_enabled":true,"_links":{"self":[{"href":"https:\/\/soatata.org\/index.php\/wp-json\/wp\/v2\/pages\/122","targetHints":{"allow":["GET"]}}],"collection":[{"href":"https:\/\/soatata.org\/index.php\/wp-json\/wp\/v2\/pages"}],"about":[{"href":"https:\/\/soatata.org\/index.php\/wp-json\/wp\/v2\/types\/page"}],"author":[{"embeddable":true,"href":"https:\/\/soatata.org\/index.php\/wp-json\/wp\/v2\/users\/1"}],"replies":[{"embeddable":true,"href":"https:\/\/soatata.org\/index.php\/wp-json\/wp\/v2\/comments?post=122"}],"version-history":[{"count":14,"href":"https:\/\/soatata.org\/index.php\/wp-json\/wp\/v2\/pages\/122\/revisions"}],"predecessor-version":[{"id":1427,"href":"https:\/\/soatata.org\/index.php\/wp-json\/wp\/v2\/pages\/122\/revisions\/1427"}],"up":[{"embeddable":true,"href":"https:\/\/soatata.org\/index.php\/wp-json\/wp\/v2\/pages\/64"}],"wp:attachment":[{"href":"https:\/\/soatata.org\/index.php\/wp-json\/wp\/v2\/media?parent=122"}],"curies":[{"name":"wp","href":"https:\/\/api.w.org\/{rel}","templated":true}]}}