{"id":414,"date":"2020-12-18T11:14:20","date_gmt":"2020-12-18T10:14:20","guid":{"rendered":"http:\/\/soatata.org\/?page_id=414"},"modified":"2026-01-15T15:04:26","modified_gmt":"2026-01-15T14:04:26","slug":"devenir-partenaire-donateur","status":"publish","type":"page","link":"https:\/\/soatata.org\/index.php\/aidez-nous\/devenir-partenaire-donateur\/","title":{"rendered":"Devenir partenaire donateur"},"content":{"rendered":"\n<h2 class=\"wp-block-heading\" style=\"font-size:22px\"><strong>Vous \u00eates une collectivit\u00e9 ou une entreprise et vous souhaitez devenir partenaire donateur ?<\/strong><\/h2>\n\n\n\n<p class=\"has-medium-font-size\">Vous pouvez contacter directement notre responsable partenariat entreprise <\/p>\n\n\n\n<p class=\"has-medium-font-size\">(tel : 06 86 84 79 79 \/ soatata@orange.fr) ou remplir le formulaire ci dessous : <\/p>\n\n\n<div class=\"wpforms-container wpforms-container-full wpforms-block wpforms-block-4b11a2df-763a-4c2d-8b0a-235ee037bb56\" id=\"wpforms-412\"><form id=\"wpforms-form-412\" class=\"wpforms-validate wpforms-form\" data-formid=\"412\" method=\"post\" enctype=\"multipart\/form-data\" action=\"\/index.php\/wp-json\/wp\/v2\/pages\/414\" data-token=\"a79fa0eb80ccd65d662256c6089158cb\" data-token-time=\"1776966034\"><noscript class=\"wpforms-error-noscript\">Please enable JavaScript in your browser to complete this form.<\/noscript><div class=\"wpforms-field-container\"><div id=\"wpforms-412-field_3-container\" class=\"wpforms-field wpforms-field-text\" data-field-id=\"3\"><label class=\"wpforms-field-label\" for=\"wpforms-412-field_3\">Nom de l&#039;entreprise ou collectivit\u00e9<\/label><input type=\"text\" id=\"wpforms-412-field_3\" class=\"wpforms-field-medium\" name=\"wpforms[fields][3]\" ><\/div><div id=\"wpforms-412-field_0-container\" class=\"wpforms-field wpforms-field-name\" data-field-id=\"0\"><label class=\"wpforms-field-label\">Nom <span class=\"wpforms-required-label\">*<\/span><\/label><div class=\"wpforms-field-row wpforms-field-medium\"><div class=\"wpforms-field-row-block wpforms-first wpforms-one-half\"><input type=\"text\" id=\"wpforms-412-field_0\" class=\"wpforms-field-name-first wpforms-field-required\" name=\"wpforms[fields][0][first]\" required><label for=\"wpforms-412-field_0\" class=\"wpforms-field-sublabel after\">First<\/label><\/div><div class=\"wpforms-field-row-block wpforms-one-half\"><input type=\"text\" id=\"wpforms-412-field_0-last\" class=\"wpforms-field-name-last wpforms-field-required\" name=\"wpforms[fields][0][last]\" required><label for=\"wpforms-412-field_0-last\" class=\"wpforms-field-sublabel after\">Last<\/label><\/div><\/div><\/div><div id=\"wpforms-412-field_5-container\" class=\"wpforms-field wpforms-field-text\" data-field-id=\"5\"><label class=\"wpforms-field-label\" for=\"wpforms-412-field_5\">Fonction<\/label><input type=\"text\" id=\"wpforms-412-field_5\" class=\"wpforms-field-medium\" name=\"wpforms[fields][5]\" ><\/div><div id=\"wpforms-412-field_1-container\" class=\"wpforms-field wpforms-field-email\" data-field-id=\"1\"><label class=\"wpforms-field-label\" for=\"wpforms-412-field_1\">E-mail <span class=\"wpforms-required-label\">*<\/span><\/label><input type=\"email\" id=\"wpforms-412-field_1\" class=\"wpforms-field-medium wpforms-field-required\" name=\"wpforms[fields][1]\" spellcheck=\"false\" required><\/div><div id=\"wpforms-412-field_6-container\" class=\"wpforms-field wpforms-field-text\" data-field-id=\"6\"><label class=\"wpforms-field-label\" for=\"wpforms-412-field_6\">T\u00e9l\u00e9phone<\/label><input type=\"text\" id=\"wpforms-412-field_6\" class=\"wpforms-field-medium\" name=\"wpforms[fields][6]\" ><\/div><div id=\"wpforms-412-field_2-container\" class=\"wpforms-field wpforms-field-textarea\" data-field-id=\"2\"><label class=\"wpforms-field-label\" for=\"wpforms-412-field_2\">Commentaire ou message <span class=\"wpforms-required-label\">*<\/span><\/label><textarea id=\"wpforms-412-field_2\" class=\"wpforms-field-medium wpforms-field-required\" name=\"wpforms[fields][2]\" required><\/textarea><\/div><\/div><!-- .wpforms-field-container --><div class=\"wpforms-submit-container\" ><input type=\"hidden\" name=\"wpforms[id]\" value=\"412\"><input type=\"hidden\" name=\"page_title\" value=\"\"><input type=\"hidden\" name=\"page_url\" value=\"https:\/\/soatata.org\/index.php\/wp-json\/wp\/v2\/pages\/414\"><input type=\"hidden\" name=\"url_referer\" value=\"\"><button type=\"submit\" name=\"wpforms[submit]\" id=\"wpforms-submit-412\" class=\"wpforms-submit\" data-alt-text=\"Envoi...\" data-submit-text=\"Envoyer\" aria-live=\"assertive\" value=\"wpforms-submit\">Envoyer<\/button><\/div><\/form><\/div>  <!-- .wpforms-container -->\n\n\n<p class=\"has-medium-font-size\">Cliquez <a href=\"http:\/\/soatata.org\/index.php\/aidez-nous\/nos-partenaires-donateurs\/\">ici<\/a> pour consulter  la page d\u00e9di\u00e9e \u00e0 <strong>nos partenaires&nbsp;donateurs<\/strong> :<\/p>\n\n\n\n<figure class=\"wp-block-image size-full is-resized\"><img loading=\"lazy\" decoding=\"async\" width=\"473\" height=\"113\" src=\"https:\/\/soatata.org\/wp-content\/uploads\/2026\/01\/2_-20260115-Logos-SOATATA.png\" alt=\"\" class=\"wp-image-2131\" style=\"width:640px;height:auto\" srcset=\"https:\/\/soatata.org\/wp-content\/uploads\/2026\/01\/2_-20260115-Logos-SOATATA.png 473w, https:\/\/soatata.org\/wp-content\/uploads\/2026\/01\/2_-20260115-Logos-SOATATA-300x72.png 300w\" sizes=\"auto, (max-width: 473px) 100vw, 473px\" \/><\/figure>\n\n\n\n<p><\/p>\n","protected":false},"excerpt":{"rendered":"<p>Vous \u00eates une collectivit\u00e9 ou une entreprise et vous souhaitez devenir partenaire donateur ? Vous pouvez contacter directement notre responsable partenariat entreprise (tel : 06 86 84 79 79 \/ soatata@orange.fr) ou remplir le formulaire ci dessous : Cliquez ici pour consulter la page d\u00e9di\u00e9e \u00e0 nos partenaires&nbsp;donateurs :<\/p>\n","protected":false},"author":1,"featured_media":0,"parent":66,"menu_order":0,"comment_status":"closed","ping_status":"closed","template":"","meta":{"footnotes":""},"class_list":["post-414","page","type-page","status-publish","hentry"],"yoast_head":"<!-- This site is optimized with the Yoast SEO plugin v27.4 - https:\/\/yoast.com\/product\/yoast-seo-wordpress\/ -->\n<title>Devenir partenaire donateur - Assistance au d\u00e9veloppement \u00e9ducatif dans le sud de Madagascar.<\/title>\n<meta name=\"robots\" content=\"index, follow, max-snippet:-1, max-image-preview:large, max-video-preview:-1\" \/>\n<link rel=\"canonical\" href=\"https:\/\/soatata.org\/index.php\/aidez-nous\/devenir-partenaire-donateur\/\" \/>\n<meta property=\"og:locale\" content=\"en_US\" \/>\n<meta property=\"og:type\" content=\"article\" \/>\n<meta property=\"og:title\" content=\"Devenir partenaire donateur - Assistance au d\u00e9veloppement \u00e9ducatif dans le sud de Madagascar.\" \/>\n<meta property=\"og:description\" content=\"Vous \u00eates une collectivit\u00e9 ou une entreprise et vous souhaitez devenir partenaire donateur ? Vous pouvez contacter directement notre responsable partenariat entreprise (tel : 06 86 84 79 79 \/ soatata@orange.fr) ou remplir le formulaire ci dessous : Cliquez ici pour consulter la page d\u00e9di\u00e9e \u00e0 nos partenaires&nbsp;donateurs :\" \/>\n<meta property=\"og:url\" content=\"https:\/\/soatata.org\/index.php\/aidez-nous\/devenir-partenaire-donateur\/\" \/>\n<meta property=\"og:site_name\" content=\"Assistance au d\u00e9veloppement \u00e9ducatif dans le sud de Madagascar.\" \/>\n<meta property=\"article:modified_time\" content=\"2026-01-15T14:04:26+00:00\" \/>\n<meta property=\"og:image\" content=\"https:\/\/soatata.org\/wp-content\/uploads\/2026\/01\/2_-20260115-Logos-SOATATA.png\" \/>\n\t<meta property=\"og:image:width\" content=\"473\" \/>\n\t<meta property=\"og:image:height\" content=\"113\" \/>\n\t<meta property=\"og:image:type\" content=\"image\/png\" \/>\n<meta name=\"twitter:card\" content=\"summary_large_image\" \/>\n<meta name=\"twitter:label1\" content=\"Est. reading time\" \/>\n\t<meta name=\"twitter:data1\" content=\"1 minute\" \/>\n<script type=\"application\/ld+json\" class=\"yoast-schema-graph\">{\"@context\":\"https:\\\/\\\/schema.org\",\"@graph\":[{\"@type\":\"WebPage\",\"@id\":\"https:\\\/\\\/soatata.org\\\/index.php\\\/aidez-nous\\\/devenir-partenaire-donateur\\\/\",\"url\":\"https:\\\/\\\/soatata.org\\\/index.php\\\/aidez-nous\\\/devenir-partenaire-donateur\\\/\",\"name\":\"Devenir partenaire donateur - Assistance au d\u00e9veloppement \u00e9ducatif dans le sud de Madagascar.\",\"isPartOf\":{\"@id\":\"http:\\\/\\\/soatata.org\\\/#website\"},\"primaryImageOfPage\":{\"@id\":\"https:\\\/\\\/soatata.org\\\/index.php\\\/aidez-nous\\\/devenir-partenaire-donateur\\\/#primaryimage\"},\"image\":{\"@id\":\"https:\\\/\\\/soatata.org\\\/index.php\\\/aidez-nous\\\/devenir-partenaire-donateur\\\/#primaryimage\"},\"thumbnailUrl\":\"https:\\\/\\\/soatata.org\\\/wp-content\\\/uploads\\\/2026\\\/01\\\/2_-20260115-Logos-SOATATA.png\",\"datePublished\":\"2020-12-18T10:14:20+00:00\",\"dateModified\":\"2026-01-15T14:04:26+00:00\",\"breadcrumb\":{\"@id\":\"https:\\\/\\\/soatata.org\\\/index.php\\\/aidez-nous\\\/devenir-partenaire-donateur\\\/#breadcrumb\"},\"inLanguage\":\"en-US\",\"potentialAction\":[{\"@type\":\"ReadAction\",\"target\":[\"https:\\\/\\\/soatata.org\\\/index.php\\\/aidez-nous\\\/devenir-partenaire-donateur\\\/\"]}]},{\"@type\":\"ImageObject\",\"inLanguage\":\"en-US\",\"@id\":\"https:\\\/\\\/soatata.org\\\/index.php\\\/aidez-nous\\\/devenir-partenaire-donateur\\\/#primaryimage\",\"url\":\"https:\\\/\\\/soatata.org\\\/wp-content\\\/uploads\\\/2026\\\/01\\\/2_-20260115-Logos-SOATATA.png\",\"contentUrl\":\"https:\\\/\\\/soatata.org\\\/wp-content\\\/uploads\\\/2026\\\/01\\\/2_-20260115-Logos-SOATATA.png\",\"width\":473,\"height\":113},{\"@type\":\"BreadcrumbList\",\"@id\":\"https:\\\/\\\/soatata.org\\\/index.php\\\/aidez-nous\\\/devenir-partenaire-donateur\\\/#breadcrumb\",\"itemListElement\":[{\"@type\":\"ListItem\",\"position\":1,\"name\":\"Accueil\",\"item\":\"https:\\\/\\\/soatata.org\\\/\"},{\"@type\":\"ListItem\",\"position\":2,\"name\":\"Aidez-nous\",\"item\":\"https:\\\/\\\/soatata.org\\\/index.php\\\/aidez-nous\\\/\"},{\"@type\":\"ListItem\",\"position\":3,\"name\":\"Devenir partenaire donateur\"}]},{\"@type\":\"WebSite\",\"@id\":\"http:\\\/\\\/soatata.org\\\/#website\",\"url\":\"http:\\\/\\\/soatata.org\\\/\",\"name\":\"Assistance au d\u00e9veloppement \u00e9ducatif dans le sud de Madagascar.\",\"description\":\"\",\"publisher\":{\"@id\":\"http:\\\/\\\/soatata.org\\\/#organization\"},\"potentialAction\":[{\"@type\":\"SearchAction\",\"target\":{\"@type\":\"EntryPoint\",\"urlTemplate\":\"http:\\\/\\\/soatata.org\\\/?s={search_term_string}\"},\"query-input\":{\"@type\":\"PropertyValueSpecification\",\"valueRequired\":true,\"valueName\":\"search_term_string\"}}],\"inLanguage\":\"en-US\"},{\"@type\":\"Organization\",\"@id\":\"http:\\\/\\\/soatata.org\\\/#organization\",\"name\":\"Assistance au d\u00e9veloppement \u00e9ducatif dans le sud de Madagascar.\",\"url\":\"http:\\\/\\\/soatata.org\\\/\",\"logo\":{\"@type\":\"ImageObject\",\"inLanguage\":\"en-US\",\"@id\":\"http:\\\/\\\/soatata.org\\\/#\\\/schema\\\/logo\\\/image\\\/\",\"url\":\"https:\\\/\\\/soatata.org\\\/wp-content\\\/uploads\\\/2020\\\/12\\\/cropped-logoSoatata.jpg\",\"contentUrl\":\"https:\\\/\\\/soatata.org\\\/wp-content\\\/uploads\\\/2020\\\/12\\\/cropped-logoSoatata.jpg\",\"width\":276,\"height\":250,\"caption\":\"Assistance au d\u00e9veloppement \u00e9ducatif dans le sud de Madagascar.\"},\"image\":{\"@id\":\"http:\\\/\\\/soatata.org\\\/#\\\/schema\\\/logo\\\/image\\\/\"}}]}<\/script>\n<!-- \/ Yoast SEO plugin. -->","yoast_head_json":{"title":"Devenir partenaire donateur - Assistance au d\u00e9veloppement \u00e9ducatif dans le sud de Madagascar.","robots":{"index":"index","follow":"follow","max-snippet":"max-snippet:-1","max-image-preview":"max-image-preview:large","max-video-preview":"max-video-preview:-1"},"canonical":"https:\/\/soatata.org\/index.php\/aidez-nous\/devenir-partenaire-donateur\/","og_locale":"en_US","og_type":"article","og_title":"Devenir partenaire donateur - Assistance au d\u00e9veloppement \u00e9ducatif dans le sud de Madagascar.","og_description":"Vous \u00eates une collectivit\u00e9 ou une entreprise et vous souhaitez devenir partenaire donateur ? Vous pouvez contacter directement notre responsable partenariat entreprise (tel : 06 86 84 79 79 \/ soatata@orange.fr) ou remplir le formulaire ci dessous : Cliquez ici pour consulter la page d\u00e9di\u00e9e \u00e0 nos partenaires&nbsp;donateurs :","og_url":"https:\/\/soatata.org\/index.php\/aidez-nous\/devenir-partenaire-donateur\/","og_site_name":"Assistance au d\u00e9veloppement \u00e9ducatif dans le sud de Madagascar.","article_modified_time":"2026-01-15T14:04:26+00:00","og_image":[{"width":473,"height":113,"url":"https:\/\/soatata.org\/wp-content\/uploads\/2026\/01\/2_-20260115-Logos-SOATATA.png","type":"image\/png"}],"twitter_card":"summary_large_image","twitter_misc":{"Est. reading time":"1 minute"},"schema":{"@context":"https:\/\/schema.org","@graph":[{"@type":"WebPage","@id":"https:\/\/soatata.org\/index.php\/aidez-nous\/devenir-partenaire-donateur\/","url":"https:\/\/soatata.org\/index.php\/aidez-nous\/devenir-partenaire-donateur\/","name":"Devenir partenaire donateur - Assistance au d\u00e9veloppement \u00e9ducatif dans le sud de Madagascar.","isPartOf":{"@id":"http:\/\/soatata.org\/#website"},"primaryImageOfPage":{"@id":"https:\/\/soatata.org\/index.php\/aidez-nous\/devenir-partenaire-donateur\/#primaryimage"},"image":{"@id":"https:\/\/soatata.org\/index.php\/aidez-nous\/devenir-partenaire-donateur\/#primaryimage"},"thumbnailUrl":"https:\/\/soatata.org\/wp-content\/uploads\/2026\/01\/2_-20260115-Logos-SOATATA.png","datePublished":"2020-12-18T10:14:20+00:00","dateModified":"2026-01-15T14:04:26+00:00","breadcrumb":{"@id":"https:\/\/soatata.org\/index.php\/aidez-nous\/devenir-partenaire-donateur\/#breadcrumb"},"inLanguage":"en-US","potentialAction":[{"@type":"ReadAction","target":["https:\/\/soatata.org\/index.php\/aidez-nous\/devenir-partenaire-donateur\/"]}]},{"@type":"ImageObject","inLanguage":"en-US","@id":"https:\/\/soatata.org\/index.php\/aidez-nous\/devenir-partenaire-donateur\/#primaryimage","url":"https:\/\/soatata.org\/wp-content\/uploads\/2026\/01\/2_-20260115-Logos-SOATATA.png","contentUrl":"https:\/\/soatata.org\/wp-content\/uploads\/2026\/01\/2_-20260115-Logos-SOATATA.png","width":473,"height":113},{"@type":"BreadcrumbList","@id":"https:\/\/soatata.org\/index.php\/aidez-nous\/devenir-partenaire-donateur\/#breadcrumb","itemListElement":[{"@type":"ListItem","position":1,"name":"Accueil","item":"https:\/\/soatata.org\/"},{"@type":"ListItem","position":2,"name":"Aidez-nous","item":"https:\/\/soatata.org\/index.php\/aidez-nous\/"},{"@type":"ListItem","position":3,"name":"Devenir partenaire donateur"}]},{"@type":"WebSite","@id":"http:\/\/soatata.org\/#website","url":"http:\/\/soatata.org\/","name":"Assistance au d\u00e9veloppement \u00e9ducatif dans le sud de Madagascar.","description":"","publisher":{"@id":"http:\/\/soatata.org\/#organization"},"potentialAction":[{"@type":"SearchAction","target":{"@type":"EntryPoint","urlTemplate":"http:\/\/soatata.org\/?s={search_term_string}"},"query-input":{"@type":"PropertyValueSpecification","valueRequired":true,"valueName":"search_term_string"}}],"inLanguage":"en-US"},{"@type":"Organization","@id":"http:\/\/soatata.org\/#organization","name":"Assistance au d\u00e9veloppement \u00e9ducatif dans le sud de Madagascar.","url":"http:\/\/soatata.org\/","logo":{"@type":"ImageObject","inLanguage":"en-US","@id":"http:\/\/soatata.org\/#\/schema\/logo\/image\/","url":"https:\/\/soatata.org\/wp-content\/uploads\/2020\/12\/cropped-logoSoatata.jpg","contentUrl":"https:\/\/soatata.org\/wp-content\/uploads\/2020\/12\/cropped-logoSoatata.jpg","width":276,"height":250,"caption":"Assistance au d\u00e9veloppement \u00e9ducatif dans le sud de Madagascar."},"image":{"@id":"http:\/\/soatata.org\/#\/schema\/logo\/image\/"}}]}},"jetpack_sharing_enabled":true,"_links":{"self":[{"href":"https:\/\/soatata.org\/index.php\/wp-json\/wp\/v2\/pages\/414","targetHints":{"allow":["GET"]}}],"collection":[{"href":"https:\/\/soatata.org\/index.php\/wp-json\/wp\/v2\/pages"}],"about":[{"href":"https:\/\/soatata.org\/index.php\/wp-json\/wp\/v2\/types\/page"}],"author":[{"embeddable":true,"href":"https:\/\/soatata.org\/index.php\/wp-json\/wp\/v2\/users\/1"}],"replies":[{"embeddable":true,"href":"https:\/\/soatata.org\/index.php\/wp-json\/wp\/v2\/comments?post=414"}],"version-history":[{"count":14,"href":"https:\/\/soatata.org\/index.php\/wp-json\/wp\/v2\/pages\/414\/revisions"}],"predecessor-version":[{"id":2132,"href":"https:\/\/soatata.org\/index.php\/wp-json\/wp\/v2\/pages\/414\/revisions\/2132"}],"up":[{"embeddable":true,"href":"https:\/\/soatata.org\/index.php\/wp-json\/wp\/v2\/pages\/66"}],"wp:attachment":[{"href":"https:\/\/soatata.org\/index.php\/wp-json\/wp\/v2\/media?parent=414"}],"curies":[{"name":"wp","href":"https:\/\/api.w.org\/{rel}","templated":true}]}}